t common factor of 22 and 11990?
22
What is the greatest common factor of 21608984 and 248?
248
Calculate the highest common factor of 22 and 33000.
22
Calculate the greatest common divisor of 948936 and 19.
19
Calculate the highest common factor of 11736 and 1115409.
489
Calculate the greatest common divisor of 1494223 and 3236.
809
What is the greatest common factor of 111 and 6078?
3
Calculate the highest common factor of 1215459 and 3815.
763
What is the greatest common divisor of 16660 and 2548?
196
What is the greatest common divisor of 1106 and 73154?
158
Calculate the greatest common factor of 6030 and 7506144.
1206
What is the highest common divisor of 2029 and 43?
1
What is the highest common divisor of 16 and 4689248?
16
What is the highest common divisor of 153681 and 2343?
33
What is the highest common factor of 6174 and 522?
18
What is the greatest common divisor of 8 and 112744?
8
What is the highest common divisor of 14587 and 39737?
503
What is the greatest common divisor of 4446 and 546611?
247
Calculate the greatest common divisor of 19588 and 1826.
166
Calculate the highest common factor of 422248 and 1504.
376
What is the greatest common divisor of 6270 and 51040?
110
What is the highest common divisor of 84 and 134757?
21
What is the greatest common factor of 47107 and 289?
289
Calculate the greatest common divisor of 2227 and 34306.
17
Calculate the highest common divisor of 16 and 33448.
8
What is the highest common divisor of 2108 and 1802?
34
Calculate the highest common divisor of 133 and 6907621.
133
Calculate the highest common factor of 24 and 7653.
3
Calculate the greatest common factor of 209 and 272591.
11
What is the highest common divisor of 1496 and 8734?
22
What is the greatest common factor of 361780 and 340?
20
Calculate the greatest common factor of 884 and 187.
17
Calculate the greatest common factor of 2261 and 124621.
133
What is the highest common divisor of 1368 and 52848?
72
What is the highest common factor of 270 and 887958?
18
Calculate the greatest common factor of 622869 and 351.
39
What is the highest common factor of 637 and 1864499?
637
What is the highest common factor of 3478 and 111?
37
What is the highest common divisor of 67 and 8576?
67
Calculate the highest common factor of 1924 and 208.
52
What is the highest common divisor of 265008 and 8?
8
What is the greatest common factor of 312 and 208533?
39
Calculate the greatest common factor of 1778 and 63882.
14
What is the highest common divisor of 144508 and 364?
364
Calculate the highest common divisor of 187 and 69887.
17
What is the highest common factor of 5522 and 10542?
502
Calculate the highest common divisor of 575 and 5300.
25
Calculate the highest common divisor of 3600 and 9675.
225
Calculate the highest common divisor of 131471 and 403.
31
Calculate the greatest common factor of 130 and 2795.
65
What is the greatest common factor of 598 and 5474?
46
What is the highest common factor of 1224 and 64413?
153
Calculate the highest common factor of 150 and 985530.
30
Calculate the greatest common factor of 11233 and 846.
47
What is the greatest common divisor of 2553 and 69?
69
Calculate the greatest common factor of 282948 and 3.
3
Calculate the greatest common divisor of 30652 and 12.
4
What is the greatest common factor of 215717 and 89723?
1909
What is the highest common divisor of 7735 and 34879?
13
Calculate the highest common factor of 1798 and 2573.
31
Calculate the greatest common factor of 66 and 117447.
33
Calculate the greatest common factor of 2916 and 5232.
12
What is the greatest common divisor of 5645920 and 105?
35
Calculate the highest common divisor of 26070 and 4070.
110
Calculate the greatest common factor of 49 and 78561.
7
What is the greatest common factor of 4818 and 34602?
438
Calculate the highest common divisor of 24160 and 2560.
160
What is the greatest common factor of 19 and 46721?
19
Calculate the greatest common divisor of 420 and 94620.
60
Calculate the greatest common factor of 1208 and 7550.
302
What is the highest common factor of 3531 and 616?
11
What is the highest common divisor of 546 and 810992?
182
Calculate the greatest common factor of 19920 and 480.
240
What is the highest common factor of 8 and 187128?
8
What is the greatest common divisor of 888 and 114848?
296
Calculate the greatest common divisor of 5845 and 1015.
35
What is the greatest common divisor of 12717 and 2376?
27
Calculate the greatest common divisor of 1776 and 5664.
48
Calculate the highest common factor of 65872 and 47972.
716
What is the greatest common divisor of 372 and 124?
124
What is the greatest common divisor of 8398 and 19057?
323
What is the highest common factor of 546 and 1963?
13
What is the highest common factor of 32 and 3248?
16
What is the highest common factor of 242 and 13882?
22
What is the greatest common divisor of 154 and 1562?
22
What is the highest common factor of 3772 and 10168?
164
Calculate the highest common divisor of 7931 and 58401.
721
Calculate the greatest common divisor of 77 and 76923.
77
Calculate the highest common divisor of 128 and 14636.
4
What is the greatest common factor of 1677 and 1935?
129
What is the highest common divisor of 42660 and 790?
790
What is the greatest common factor of 5850 and 63?
9
What is the highest common factor of 4809524 and 634?
634
Calculate the greatest common divisor of 143927 and 6496.
203
Calculate the highest common divisor of 128205 and 68265.
1665
What is the greatest common divisor of 74104 and 2124?
236
What is the greatest common factor of 6 and 162042?
6
Calculate the highest common factor of 1820 and 43470.
70
Calculate the highest common divisor of 8649 and 15.
3
Calculate the highest common divisor of 467028 and 12.
12
What is the greatest common divisor of 1146079 and 86?
43
What is the greatest common factor of 94 and 148567?
47
What is the highest common factor of 678 and 4205634?
678
Calculate the highest common divisor of 9509505 and 15.
15
Calculate the greatest common divisor of 1752 and 253748.
292
Calculate the highest common divisor of 5 and 10435.
5
Calculate the highest common factor of 2152 and 240.
8
Calculate the highest common divisor of 172086 and 966.
138
Calculate the greatest common divisor of 587944 and 112.
56
What is the greatest common factor of 1343 and 24021?
17
Calculate the greatest common factor of 915 and 183305.
305
What is the highest common factor of 368 and 1587?
23
Calculate the greatest common factor of 9824 and 11359.
307
What is the highest common divisor of 5280 and 71940?
660
What is the highest common factor of 1771 and 3465?
77
What is the greatest common factor of 260 and 28?
4
What is the greatest common divisor of 89 and 58651?
89
Calculate the highest common divisor of 3761038 and 2598.
866
What is the greatest common factor of 106483 and 39?
13
Calculate the highest common factor of 3286 and 4558.
106
Calculate the highest common factor of 174 and 2852643.
87
Calculate the highest common divisor of 909197 and 14267.
1297
What is the greatest common divisor of 1763 and 62737?
43
What is the greatest common factor of 2530 and 56485?
55
Calculate the highest common divisor of 127479 and 22.
11
Calculate the highest common factor of 163 and 56.
1
What is the highest common factor of 11504 and 272?
16
Calculate the highest common divisor of 683 and 598991.
683
Calculate the greatest common divisor of 16675 and 103500.
575
Calculate the greatest common factor of 12954 and 175542.
102
What is the highest common divisor of 3842748 and 621?
621
Calculate the highest common factor of 28719 and 15.
3
Calculate the highest common divisor of 210 and 21350.
70
What is the highest common factor of 11 and 231671?
11
Calculate the highest common divisor of 273246 and 114.
6
What is the greatest common factor of 12 and 858?
6
What is the highest common divisor of 1155683 and 141?
47
What is the highest common factor of 2195648 and 1248?
416
Calculate the greatest common factor of 853 and 7.
1
What is the greatest common factor of 50974 and 154?
154
What is the highest common divisor of 185082 and 3270?
654
What is the highest common divisor of 5600 and 240?
80
Calculate the highest common divisor of 